{"id":2,"date":"2024-11-08T22:10:05","date_gmt":"2024-11-08T21:10:05","guid":{"rendered":"https:\/\/msclan.party\/ybbs\/?page_id=2"},"modified":"2026-01-05T01:35:41","modified_gmt":"2026-01-05T00:35:41","slug":"beispiel-seite","status":"publish","type":"page","link":"https:\/\/msclan.party\/ybbs\/?page_id=2","title":{"rendered":"Facts"},"content":{"rendered":"\n<h2 class=\"wp-block-heading\">Termin<\/h2>\n\n\n\n<p>Der Termin f\u00fcr den Winter ist immer ab 25.\/26. Dezember bis um den 6. J\u00e4nner herum (je nachdem, was f\u00fcr ein Wochentag der 6. J\u00e4nner ist)<\/p>\n\n\n\n<p>Der Termin f\u00fcr den Sommer wird bei uns im Discord (siehe Seite &#8222;<a href=\"https:\/\/msclan.party\/ybbs\/?page_id=115\" data-type=\"page\" data-id=\"115\">Teilnahme<\/a>&#8222;) diskutiert, zwei Wochen im Juli oder August.<\/p>\n\n\n\n<h2 class=\"wp-block-heading\">Kosten<\/h2>\n\n\n\n<p>Pro Tag werden 15\u20ac f\u00e4llig, f\u00fcr die komplette LAN 120\u20ac (10\u20ac\/Tag) (Stand Sommer 2026)<\/p>\n\n\n\n<h2 class=\"wp-block-heading\">Location<\/h2>\n\n\n\n<p>Wir sind im Volksheim Ybbs in der gro\u00dfen Halle.<br>Es steht f\u00fcr jeden ein gro\u00dfer Tisch (ca. 1,5m breit und 80cm tief) zur Verf\u00fcgung. Sessel gibt es die Volksheim-typischen Veranstaltungs-Sessel, wer will darf sich da aber selbst einen mitnehmen.<\/p>\n\n\n\n<p>Es ist grob Platz f\u00fcr ca. 24 Teilnehmer, l\u00e4sst sich aber wenn notwendig bestimmt erweitern.<\/p>\n\n\n\n<h2 class=\"wp-block-heading\">Rauchen<\/h2>\n\n\n\n<p>In der Halle wird geraucht. Nicht viel, aber wir sollten das erw\u00e4hnen.<br>Dank der hohen und gro\u00dfen Halle und der Zusammenrottung der Raucher sollte das aber nicht zum gro\u00dfen Problem werden.<\/p>\n\n\n\n<h2 class=\"wp-block-heading\">Verpflegung<\/h2>\n\n\n\n<p>Es gibt im Volksheim einen Herd\/Ofen und K\u00fchlschr\u00e4nke &#8211; Es darf gerne selbst gekocht werden bzw. auch sowas wie eine Mikrowelle, &#8230; mitgenommen werden. Getr\u00e4nke k\u00f6nnen eingek\u00fchlt werden.<br>Wir vertrauen hier auf die Teilnehmer, dass nicht fremde Speisen\/Getr\u00e4nke konsumiert werden.<br>Weiters gibt es genug Restaurants in der N\u00e4he und die Burg (Kebap\/Pizza) liefert auch direkt zu uns.<\/p>\n\n\n\n<h2 class=\"wp-block-heading\">Schlafen<\/h2>\n\n\n\n<p>Auf der Nord- und S\u00fcd-Seite der Halle gibt es eine B\u00fchne, dort k\u00f6nnen Matratzen\/Feldbetten\/Luftbetten\/etc. aufgebaut werden.<\/p>\n\n\n\n<h2 class=\"wp-block-heading\">Sponsoren<\/h2>\n\n\n\n<p>Haben wir keine, aber wenn uns wer unterst\u00fctzen will, <a href=\"https:\/\/msclan.party\/ybbs\/?page_id=59\" data-type=\"page\" data-id=\"59\">gerne melden<\/a> =)<\/p>\n\n\n\n<h2 class=\"wp-block-heading\">Internet \/ G\u00e4ste-PC \/ eigener PC<\/h2>\n\n\n\n<p>Wir haben im Normalfall &gt;200Mbit Up- und Downstream f\u00fcr alle.<br>Weiters gibt es einen G\u00e4ste-PC, welcher f\u00fcr die LAN aufgesetzt ist, wof\u00fcr man sich aber vorab anmelden muss.<br>Wenn jemand etwas vergessen hat oder neues ben\u00f6tigt, so k\u00f6nnen wir dies auch meist kurzfristig organisieren.<\/p>\n\n\n\n<h2 class=\"wp-block-heading\">Turniere<\/h2>\n\n\n\n<p>Werden immer kurzfristig ausgemacht.<br>Gespielt wird alles m\u00f6gliche, auf was die Spieler gerade Lust und Laune haben.<\/p>\n\n\n\n<p><\/p>\n","protected":false},"excerpt":{"rendered":"<p>Termin Der Termin f\u00fcr den Winter ist immer ab 25.\/26. Dezember bis um den 6. J\u00e4nner herum (je nachdem, was f\u00fcr ein Wochentag der 6. J\u00e4nner ist) Der Termin f\u00fcr den Sommer wird bei uns im Discord (siehe Seite &#8222;Teilnahme&#8222;) diskutiert, zwei Wochen im Juli oder August. Kosten Pro Tag werden 15\u20ac f\u00e4llig, f\u00fcr die&#8230;<\/p>\n","protected":false},"author":1,"featured_media":0,"parent":0,"menu_order":0,"comment_status":"closed","ping_status":"open","template":"","meta":{"footnotes":""},"class_list":["post-2","page","type-page","status-publish","hentry"],"_links":{"self":[{"href":"https:\/\/msclan.party\/ybbs\/index.php?rest_route=\/wp\/v2\/pages\/2","targetHints":{"allow":["GET"]}}],"collection":[{"href":"https:\/\/msclan.party\/ybbs\/index.php?rest_route=\/wp\/v2\/pages"}],"about":[{"href":"https:\/\/msclan.party\/ybbs\/index.php?rest_route=\/wp\/v2\/types\/page"}],"author":[{"embeddable":true,"href":"https:\/\/msclan.party\/ybbs\/index.php?rest_route=\/wp\/v2\/users\/1"}],"replies":[{"embeddable":true,"href":"https:\/\/msclan.party\/ybbs\/index.php?rest_route=%2Fwp%2Fv2%2Fcomments&post=2"}],"version-history":[{"count":10,"href":"https:\/\/msclan.party\/ybbs\/index.php?rest_route=\/wp\/v2\/pages\/2\/revisions"}],"predecessor-version":[{"id":196,"href":"https:\/\/msclan.party\/ybbs\/index.php?rest_route=\/wp\/v2\/pages\/2\/revisions\/196"}],"wp:attachment":[{"href":"https:\/\/msclan.party\/ybbs\/index.php?rest_route=%2Fwp%2Fv2%2Fmedia&parent=2"}],"curies":[{"name":"wp","href":"https:\/\/api.w.org\/{rel}","templated":true}]}}